).
-106
Let x(u) = -u**3 - 12*u**2 - 8*u + 5. What is x(-10)?
-115
Let l(n) = 9*n**2 - n. Calculate l(-1).
10
Let n(k) = 20*k**3 + 5*k + 4. What is n(-1)?
-21
Let s(n) = n**3 + 5*n**2 - 4*n + 5. Give s(-6).
-7
Let i(u) = -4*u - 5. Give i(8).
-37
Let p(f) = 10*f**2 - 6*f - 4. Determine p(-1).
12
Let y(v) = -v**2 + 16*v - 31. What is y(14)?
-3
Let w(o) = -o**3 - 5*o**2 + o - 8. Calculate w(-4).
-28
Let c(y) = y**2 - 10*y - 42. Give c(13).
-3
Let m(f) = -f**3 - 14*f**2 + 27*f - 79. Determine m(-16).
1
Let n(q) = -q**3 + 4*q + 4. Calculate n(-4).
52
Let z(a) = -a**3 + 15*a**2 - 24*a - 21. Calculate z(13).
5
Let l(u) = -8*u - 48. Give l(-6).
0
Let q(a) = -a**3 - a**2 + a + 11. What is q(-3)?
26
Let s(l) = -l**3 - 17*l**2 + 40*l + 40. Determine s(-19).
2
Let h(b) = -3*b + 43. Determine h(15).
-2
Let v(f) = -f**3 - 2*f**2 + 16*f - 2. Calculate v(-5).
-7
Let y(i) = 2*i + 15. What is y(-10)?
-5
Let y(a) = -8*a - 6. Determine y(-4).
26
Let b(i) = -i**3 + 2*i**2. What is b(-2)?
16
Let c(x) = -x**3 - 2*x**2 + 3*x + 4. Calculate c(-3).
4
Let f(x) = -x**2 + 3*x - 2. Determine f(4).
-6
Let j(l) = -2*l**2 + 68*l - 1. Calculate j(34).
-1
Let q(y) = 3*y**2 - 16*y + 15. Calculate q(6).
27
Let o(l) = 2*l**2 + 2*l + 2. Calculate o(-1).
2
Let u(c) = -26*c + 4. Give u(5).
-126
Let n(g) = -g**2 + 5*g - 9. What is n(3)?
-3
Let m(h) = -h**3 - 6*h**2 - 2*h + 25. What is m(-5)?
10
Let m(b) = -29*b. What is m(1)?
-29
Let k(m) = -43*m - 350. Calculate k(-8).
-6
Let j(f) = 33*f + 1. Calculate j(-2).
-65
Let d(z) = -2*z - 11. Give d(8).
-27
Let i(k) = -k**3 + k**2 + 4*k - 3. Calculate i(2).
1
Let d(i) = -2*i - 24. Determine d(-15).
6
Let l(n) = -n. What is l(-7)?
7
Let i(s) = s**3 - 4*s**2 - 4*s + 1. Give i(5).
6
Let l(a) = a**3 + 6*a**2 + 4*a - 7. Determine l(-6).
-31
Let g(d) = 41*d + 41. Determine g(-1).
0
Let d(k) = k**3 - 7*k**2 + 4*k + 7. What is d(6)?
-5
Let c(f) = -f**2 + 26*f + 199. Give c(32).
7
Let r(g) = g**2 - 14*g - 68. Give r(18).
4
Let d(m) = m - 4. Determine d(9).
5
Let y(f) = -3*f + 50. Give y(19).
-7
Let c(u) = -12*u + 14. Calculate c(1).
2
Let z(d) = 8*d**2 + 3*d + 3. What is z(-1)?
8
Let m(g) = g**3 + 7*g**2 + 3*g - 6. What is m(-6)?
12
Let z(b) = -b**2 + 5*b + 10. Calculate z(9).
-26
Let r(l) = 28*l - 1226. What is r(44)?
6
Let q(t) = 13*t + 30. What is q(-2)?
4
Let o(h) = 2*h - 16. Determine o(11).
6
Let m(q) = q + 27. Determine m(-20).
7
Let w(n) = -9*n + 18. Determine w(12).
-90
Let s(z) = -3*z**2 + 20*z - 9. Calculate s(7).
-16
Let i(p) = 4*p + 76. Calculate i(-18).
4
Let n(y) = -y**3 - y**2 + 1. Determine n(1).
-1
Let f(k) = -k**2 - 10*k + 37. Give f(-12).
13
Let i(q) = -6*q - 20. What is i(10)?
-80
Let q(k) = -k**2 + 11*k - 10. Calculate q(9).
8
Let a(s) = -s**2 + 2*s + 34. Determine a(-8).
-46
Let v(q) = q**3 - 7*q**2 + 3*q + 11. What is v(6)?
-7
Let m(s) = -s**2 - 21*s - 20. What is m(-19)?
18
Let y(a) = a**2 - 18*a. Calculate y(19).
19
Let p(j) = -j**2 + 5*j + 10. Calculate p(8).
-14
Let b(n) = 3*n**3 - 9*n**2 - 5*n - 3. Give b(5).
122
Let s(t) = t**3 - 9*t**2 - 12*t + 4. Determine s(9).
-104
Let b(v) = -5*v**2 + 81*v - 16. Calculate b(16).
0
Let p(x) = x**2 - 37*x + 74. What is p(36)?
38
Let h(l) = l**3 + 19*l**2 + 18*l - 5. Calculate h(-18).
-5
Let c(v) = 119*v - 587. Give c(5).
8
Let s(l) = l**3 + 23*l**2 + 20*l - 37. Give s(-22).
7
Let h(b) = -b**3 - b**2 - 27. Give h(0).
-27
Let g(o) = o**3 + 6*o**2 + 3*o - 7. What is g(-5)?
3
Let s(k) = -6*k - 7. Give s(-2).
5
Let u(s) = s**2 - 4*s - 5. Give u(5).
0
Let n(f) = -f**3 + 27*f**2 - 25*f - 24. Determine n(26).
2
Let v(l) = -l**3 - 2*l**2 - l - 4. What is v(-2)?
-2
Let j(m) = -2*m**3 - 11*m**2 - 2*m + 12. Give j(-5).
-3
Let c(s) = s**3 + 8*s**2 + 3*s - 1. What is c(-7)?
27
Let t(r) = -r**3 - 17*r**2 - 14*r + 26. Determine t(-16).
-6
Let r(p) = p**2 + 8*p + 11. Determine r(-7).
4
Let i(g) = -2*g**2 + 21*g - 18. Determine i(9).
9
Let c(i) = -i**3 + 6*i**2 - 25*i + 229. What is c(7)?
5
Let x(o) = o**2 + 18*o - 16. Give x(-20).
24
Let q(b) = 2*b**3 - 10*b**2 - 11*b + 22. What is q(6)?
28
Let q(h) = 5*h - 3. Give q(3).
12
Let p(z) = 2*z**3 + 2*z**2 + z + 2. Determine p(-3).
-37
Let j(r) = r**2 + 8*r + 9. Calculate j(-8).
9
Let l(a) = -a**3 - 3*a**2 - a + 4. What is l(-3)?
7
Let x(k) = k**3 - 23*k**2 - 52*k + 43. Determine x(25).
-7
Let q(m) = -5*m - 45. What is q(-9)?
0
Let r(w) = w**2 + 13*w - 27. Calculate r(-14).
-13
Let y(m) = m + 7. Calculate y(6).
13
Let b(f) = -7*f**3 - 2*f**2 + 4*f + 7. What is b(-2)?
47
Let v(r) = r + 86. Calculate v(-29).
57
Let w(n) = -6*n**3 - n + 1. What is w(1)?
-6
Let r(h) = h**2 - 7*h + 9. Give r(9).
27
Let y(f) = 295*f - 596. Calculate y(2).
-6
Let j(k) = k**2 - 2*k - 20. Calculate j(6).
4
Let g(b) = -b**3 - 8*b**2 + 3*b + 18. Determine g(-8).
-6
Let p(k) = k**2 + 6*k + 1. Give p(-6).
1
Let d(b) = -b**2 - 12*b + 3. Calculate d(-13).
-10
Let c(f) = f**2 + 11*f + 10. Calculate c(-8).
-14
Let g(c) = -c**3 + 3*c**2 - 5. Determine g(4).
-21
Let m(n) = n**2 + 8*n - 6. Give m(-8).
-6
Let g(r) = -23*r**3 + 2*r**2 - 4*r + 2. Give g(2).
-182
Let b(w) = -w - 53. Give b(-14).
-39
Let r(p) = p. Give r(1).
1
Let u(z) = -2*z**3 - 20*z**2 - 6. Give u(-10).
-6
Let q(y) = 7*y**3 + 2*y + 3. What is q(-2)?
-57
Let q(n) = -n**2 - 8*n - 22. Determine q(-6).
-10
Let c(z) = 10*z - 158. Give c(18).
22
Let a(h) = 16*h - 408. Give a(26).
8
Let f(s) = s**2 + 25*s - 13. Determine f(-26).
13
Let i(f) = -f**2 - 9*f + 5. Calculate i(-8).
13
Let m(s) = 2*s**2 + 5*s - 1. Determine m(-2).
-3
Let o(k) = 12*k - 326. Determine o(28).
10
Let a(k) = k**2 - 4*k - 31. Calculate a(6).
-19
Let n(v) = -5*v**2. Determine n(2).
-20
Let g(u) = u**2 - 19*u + 104. Calculate g(11).
16
Let t(s) = -s**2 - 6*s + 22. What is t(6)?
-50
Let k(s) = 10*s**2 - s + 4. Determine k(0).
4
Let g(p) = -p**2 + 6*p + 10. What is g(9)?
-17
Let f(v) = -v**3 - 3*v + 4. Calculate f(2).
-10
Let t(y) = -5*y - 21. Give t(-5).
4
Let o(y) = -y**3 + 2*y**2 - 2. Determine o(2).
-2
Let f(h) = -10*h - 18. Determine f(-10).
82
Let n(d) = -d**2 + 8*d - 11. Give n(4).
5
Let r(h) = 23*h + 2. What is r(-1)?
-21
Let z(p) = 4*p - 2. Give z(-2).
-10
Let j(b) = -b**2 + 12*b - 14. Give j(7).
21
Let u(m) = 5*m**2 + 2*m + 12. Determine u(-3).
51
Let c(u) = u**3 - 8*u**2 + 3*u - 10. Determine c(7).
-38
Let g(a) = 20*a - 375. Calculate g(19).
5
Let t(m) = m**2 + 14*m + 26. What is t(-10)?
-14
Let c(q) = 15*q + 1. Determine c(1).
16
Let x(l) = 2*l**2 - 73. Give x(6).
-1
Let m(x) = -6*x + 30. What is m(8)?
-18
Let u(s) = 7*s**2 + 3*s + 2. Give u(-2).
24
Let g(y) = 56*y + 2348. What is g(-42)?
-4
Let y(f) = 6*f**2 + 9*f + 14. Determine y(-3).
41
Let l(c) = -12*c**3 - c**2 + c + 1. Calculate l(-1).
11
Let w(q) = 4*q**2 + 31*q + 1. Give w(-6).
-41
Let o(d) = -d**2 + 3*d + 4. Determine o(6).
-14
Let b(l) = -l**2 - 9*l - 1. Determine b(0).
-1
Let n(c) = -c**2 - 5*c + 170. Give n(-16).
-6
Let i(v) = 2*v**2 - 8*v - 8. What is i(-4)?
56
Let a(c) = -2*c**2 - 43*c + 30. What is a(-23)?
-39
Let y(r) = -r**3 + 16*r**2 - 26. Give y(16).
-26
Let r(t) = 18*t - 2. Calculate r(-2).
-38
Let i(k) = -46*k - 457. What is i(-10)?
3
Let g(y) = -y**3 + 8*y**2 - y - 36. Determine g(7).
6
Let h(r) = r**2 + 2*r - 1. Calculate h(2).
7
Let v(x) = -x**3 + 4*x**2 + 2*x - 3. Determine v(4).
5
Let v(z) = z**3 - 11*z**2 + 8*z + 23. Determine v(10).
3
Let t(r) = -13*r**2 + 3*r + 4. Calculate t(-1).
-12
Let b(d) = -2*d - 2. Determine b(-25).
48
Let v(s) = s**3 - 17*s**2 - 18*s - 4. Determine v(18).
-4
Let q(i) = i**3 - 6*i**2 + 10*i + 1. What is q(6)?
61
Let o(y) = -y**2 + 8*y - 24. Calculate o(6).
-12
Let w(t) = t**2 - 13*t + 1. Give w(12).
-11
Let a(h) = 5*h + 6. What is a(-2)?
-4
Let i(m) = -162*m - 158. Give i(-1).
4
Let x(q) = -6*q - 24. Determine x(-3).
-6
Let h(v) = v**3 + 2*v**2 - 4*v - 13. What is h(-6)?
-133
Let h(f) = -f**3 + 2*f**2 + 2*f + 7. Determine h(4).
-17
Let l(a) = -a**3 + 5*a**2 - 6. Determine l(5).
-6
Let d(v) = -v**3 - 15*v**2 + 1. Give d(-15).
1
Let j(z) = -z - 36. What is j(-30)?
-6
Let r(s) = 7*s**2 - s + 2. Determine r(1).
8
Let b(c) = -4*c - 16. Give b(-7).
12
Let t(s) = s**3 + 4*s**2 + 9. What is t(-4)?
9
Let i(s) = 15*s - 24. Determine i(4).
36
Let h(x) = -49*x + 1. Determine h(1).
-48
Let z(t) = t**2 - t - 19. Determine z(-3).
-7
Let w(b) = -13*b - 3. What is w